
Let t = 23 + -12. Suppose -2*f = -6*f + 4. Calculate the greatest common factor of f and t.
1
Let b be (4 + -28)*(-6)/8. Let h(d) = 4*d - 13. Let v be h(10). What is the highest common factor of b and v?
9
Let l(m) = m - 1 + 7 - 2*m. Let k be l(8). Let z be (k + -3)/(3/(-6)). What is the highest common divisor of z and 80?
10
Let u be (-2)/(-9) + 304*(-2)/(-18). Suppose 0 = -4*r + 180 + 160. Calculate the highest common divisor of u and r.
17
Suppose -21 = 12*m - 15*m. What is the highest common factor of 7 and m?
7
Suppose -3*p + 0 + 9 = 0. Suppose -p*w + 9 + 12 = 0. What is the highest common divisor of 77 and w?
7
Let q(s) = -s**2 + 2*s - 1. Let v be q(4). Suppose 0*t - 2*t = 26. Let m = v - t. Calculate the highest common divisor of m and 28.
4
Let m(b) = -b + 0*b - 4 + b**3 + 5 - 3 + 4*b**2. Let r be m(-3). Suppose -3*y + 8 = -r. Calculate the highest common divisor of y and 66.
6
Let z = -148 + 165. Calculate the highest common factor of z and 17.
17
Suppose 0 = 5*x - 85 - 10. Calculate the greatest common factor of x and 19.
19
Let m = 29 - 16. Let l(a) = -91*a. Let j be l(-1). Calculate the highest common factor of j and m.
13
Let t = 5 - 3. Suppose 0 = b - t*o - 64, -2*o + 6*o - 34 = -b. What is the highest common factor of 6 and b?
6
Let o be 2/8 - 30/(-8). Calculate the greatest common factor of o and 12.
4
Let l = -8 - -17. Suppose -i - i - 3*g = -11, l = 3*g. Let j be (i - 0)/(4/4). Calculate the highest common divisor of 11 and j.
1
Let u(a) = -7*a + 230. Let j be u(30). Let m = 11 + -7. Calculate the greatest common factor of j and m.
4
Let d(s) = 2*s**2 + 2*s. Let k be d(3). Let t(c) = -c - 3. Let i be t(-4). Let a = 4 - i. What is the highest common divisor of a and k?
3
Let u(b) = -b + 77. Let t be u(0). Let g = -17 + 8. Let m = g - -20. What is the highest common factor of m and t?
11
Let d be (-3)/9 - (-116)/6. Calculate the highest common divisor of d and 19.
19
Suppose 3*r = r. Let b(p) be the third derivative of p**5/60 - p**4/24 + 5*p**3/3 - p**2. Let h be b(r). What is the highest common factor of 50 and h?
10
Let o = -23 + 39. Suppose -6*m + 2*m = -o. Calculate the greatest common divisor of 16 and m.
4
Let d = 27 + 157. What is the greatest common divisor of 46 and d?
46
Let v = -11 + 3. Let u = -14 - v. Let d(g) = -g + 8. Let k be d(u). What is the highest common factor of 98 and k?
14
Suppose 5*f - 15 + 55 = 0. Let g = 15 + f. Let x = 194 - 117. What is the highest common divisor of g and x?
7
Let o = -7 - -7. Suppose m = 2*x - 34, o*x - 4*x - 4*m + 44 = 0. Calculate the greatest common divisor of 165 and x.
15
Suppose 0 = -4*h + h - 2*n + 144, -4*h = -3*n - 192. Calculate the greatest common factor of 12 and h.
12
Let h be ((-2)/(-5))/((-1)/(-5)). Suppose -h*y = -5*s + 47, -4*s + 6 = -2*s - 4*y. What is the highest common divisor of s and 55?
11
Let i(f) = 19*f + 13. Let w be i(3). Calculate the greatest common divisor of 14 and w.
14
Suppose i + 5*c - 26 = -i, 12 = 2*i - 2*c. Let y = 6 + i. Calculate the greatest common divisor of 2 and y.
2
Let u = 57 - -31. What is the greatest common factor of 8 and u?
8
Suppose -4*t - 19 = -6*t + 3*l, -17 = -2*t + 5*l. Let g = -5 + 8. Let y = t - g. Calculate the greatest common divisor of 72 and y.
8
Let i(h) = -11*h. Let k be i(-4). What is the greatest common divisor of k and 4?
4
Let n = -310 + 535. Calculate the greatest common factor of n and 9.
9
Let d(v) = -v**2 - 36. Let k be 2/(-4) + 2/4. Let b be d(k). Let x = b - -99. Calculate the highest common divisor of 7 and x.
7
Let q = 31 - 14. Suppose -3*d + q = -40. Calculate the greatest common divisor of d and 76.
19
Suppose 0 = 4*k - 3*k - 20. Let y be (1 - -2)/((-6)/(-8)). Suppose -y*g + 162 = -38. What is the greatest common divisor of k and g?
10
Let q = -25 - -43. What is the highest common divisor of q and 27?
9
Let n = -364 - -540. Suppose 4*b - 1304 = -n. Suppose -3*s + p = -165, 0 = -9*s + 4*s + 4*p + b. Calculate the greatest common factor of 18 and s.
18
Let m(c) = -c**3 - 2*c**2 + c + 3. Let x be m(-3). Let y be 9*11*(5 - 4). Calculate the greatest common factor of y and x.
9
Let p(r) = r**2 + 2. Let s be p(-2). Let w be (4 - s) + 14*3. Calculate the greatest common divisor of 8 and w.
8
Suppose -5*r = -2*s - 116, 4*r - 2*s - s - 90 = 0. Let a = -9 + r. Calculate the greatest common divisor of a and 120.
15
Suppose 3*q - 4 = q. Let k(v) = 3*v - 4. Let f be k(3). Suppose -51 = -f*h + 39. Calculate the greatest common divisor of h and q.
2
Let v = -75 - -34. Let g = -23 - v. What is the highest common divisor of g and 198?
18
Let m be ((-90)/(-120))/((-2)/(-8)). Calculate the greatest common divisor of m and 24.
3
Suppose 3*p + 13 = 5*r, -r - 1 = -4*p - 7. Let g be ((-45)/(-36))/(r/16). Calculate the greatest common factor of g and 10.
10
Let g = -26 - -40. Let l = 5 - 3. Suppose 2*z - 23 = -w - l*z, 8 = 4*w - 5*z. Calculate the highest common divisor of g and w.
7
Let p(a) = a**2 - 3*a + 3. Let x be p(2). Let j = 10 + -6. Calculate the greatest common factor of j and x.
1
Let u(f) = f**3 + 5*f**2 - f + 3. Let k be u(-5). Calculate the highest common divisor of k and 88.
8
Suppose -2*i + d + 3*d = 2, 0 = 2*i - 3*d + 2. Let f be 7 - (3 + 0)*i. Calculate the highest common factor of f and 80.
10
Let k(x) = 15*x**2 - 2*x + 1. Let f be k(1). Suppose -30 = 8*n - 5*n. Let w = 4 - n. Calculate the greatest common factor of w and f.
14
Suppose 39 = -3*s + 6. Let m = -5 - s. Calculate the highest common divisor of m and 4.
2
Let j be (3 + 0)*(-24)/9. Let d be (-2 - 4)/(1/j). Calculate the greatest common divisor of d and 12.
12
Suppose n + 4*n - 4*k - 452 = 0, 5*n = -k + 462. Suppose -2*w + 2*o + n = 0, 3*o - 16 + 4 = 0. What is the greatest common divisor of w and 10?
10
Suppose l + 4 - 1 = 0, -4*g + 20 = -4*l. Suppose -2*x = 3*c - 8, 2*x - 8 = -0*c + 2*c. Let h be (-2*5)/(c - 1). What is the greatest common divisor of g and h?
2
Let a be 522/27*3/2. Suppose -u - h = -26, 2*u - 2*h - 64 = -0*u. Calculate the highest common divisor of a and u.
29
Suppose -18 = 26*v - 27*v. Suppose -37 + 227 = 2*t - 5*u, -5*t + 446 = 2*u. What is the highest common divisor of v and t?
18
Let r(h) = 14*h**2 - h - 4. Suppose -5*s = -17 + 2. Let l be r(s). Calculate the highest common divisor of l and 17.
17
Suppose 405 = p + 2*p. Suppose 10 = -y - 5*q, -y - 3*q = -4*q - 2. Suppose -5*r + p + 125 = y. What is the highest common divisor of 13 and r?
13
Let u(j) = 21*j**2. Let w be u(-1). What is the highest common factor of 168 and w?
21
Suppose 9*k - 380 = -128. What is the highest common divisor of k and 84?
28
Let k(t) = -t - 12. Let o be k(-10). Let f(h) = 3*h**2 - 2*h - 6. Let c be f(o). What is the highest common divisor of c and 15?
5
Let j(d) = -d**3 - d**2 + 2*d. Let w be j(-3). Suppose 315 = 5*i - 5*p, 0 = 5*i + 3*p - 70 - 221. What is the greatest common factor of i and w?
12
Suppose -29 = -5*t + 41. Let h(o) = 2*o**3 + 20*o**2 + 14*o + 6. Let m be h(-9). What is the highest common divisor of t and m?
14
Suppose 0 = 2*d - 5*x - 5 - 0, -2*x + 6 = 0. Calculate the greatest common divisor of d and 10.
10
Suppose 6*l = 14 - 8. Let a = 0 + 3. Let x = a + 1. What is the highest common factor of l and x?
1
Suppose 5*a + 18 = 3*s + 3*a, -5*s = a - 17. Let k be (2 + -3 - -4) + (1 - 0). What is the highest common factor of s and k?
4
Let s(z) be the third derivative of 2*z**6/15 - z**5/60 - z**4/24 + z**3/6 + 3*z**2. Let i be s(1). Calculate the greatest common divisor of 45 and i.
15
Let y = 2 - -2. Let a be (-50)/(-2) - (3 - y). What is the highest common divisor of a and 39?
13
Suppose -3*k - 2*i = -64, -3*k - 5*i = -2*k - 43. Calculate the highest common factor of k and 18.
18
Let q be -315*((-6)/(-8))/((-100)/160). Calculate the highest common divisor of q and 42.
42
Suppose 0 = 4*s - b - 8, -1 - 1 = 2*s + b. Let t be 0 + 2 + -1 - s. Suppose -2*c + 14 + 8 = t. What is the highest common divisor of c and 77?
11
Suppose 3*u - u - 6 = 0. Suppose -4*j - 4*g = -7*j + 282, -4*g + 306 = u*j. What is the greatest common factor of 14 and j?
14
Suppose -45*h + 41*h = -16. What is the greatest common factor of 3 and h?
1
Suppose 0 = 7*o - 4*o - 2*w - 18, -5*w + 39 = 3*o. What is the highest common divisor of 4 and o?
4
Suppose 4*d - 4*s - 